{"id":1166,"date":"2022-01-28T00:42:02","date_gmt":"2022-01-28T00:42:02","guid":{"rendered":"https:\/\/www.sigradi.org\/sigradi2022\/?page_id=1166"},"modified":"2022-03-26T00:00:19","modified_gmt":"2022-03-26T00:00:19","slug":"apresentacao","status":"publish","type":"page","link":"https:\/\/www.sigradi.org\/sigradi2022\/apresentacao\/","title":{"rendered":"Apresenta\u00e7\u00e3o"},"content":{"rendered":"\t\t<div data-elementor-type=\"wp-page\" data-elementor-id=\"1166\" class=\"elementor elementor-1166\" data-elementor-post-type=\"page\">\n\t\t\t\t\t\t<section class=\"elementor-section elementor-top-section elementor-element elementor-element-5a3e9e1e elementor-section-boxed elementor-section-height-default elementor-section-height-default\" data-id=\"5a3e9e1e\" data-element_type=\"section\" id=\"scrollup\">\n\t\t\t\t\t\t<div class=\"elementor-container elementor-column-gap-default\">\n\t\t\t\t\t<div class=\"elementor-column elementor-col-50 elementor-top-column elementor-element elementor-element-547e659d\" data-id=\"547e659d\" data-element_type=\"column\">\n\t\t\t<div class=\"elementor-widget-wrap elementor-element-populated\">\n\t\t\t\t\t\t<div class=\"elementor-element elementor-element-53ff3fdd elementor-widget elementor-widget-heading\" data-id=\"53ff3fdd\" data-element_type=\"widget\" data-widget_type=\"heading.default\">\n\t\t\t\t<div class=\"elementor-widget-container\">\n\t\t\t\t\t<h2 class=\"elementor-heading-title elementor-size-default\">APRESENTA\u00c7\u00c3O<\/h2>\t\t\t\t<\/div>\n\t\t\t\t<\/div>\n\t\t\t\t<div class=\"elementor-element elementor-element-40b4a21c elementor-widget elementor-widget-image\" data-id=\"40b4a21c\" data-element_type=\"widget\" data-widget_type=\"image.default\">\n\t\t\t\t<div class=\"elementor-widget-container\">\n\t\t\t\t\t\t\t\t\t\t\t\t\t\t\t<img fetchpriority=\"high\" decoding=\"async\" width=\"1024\" height=\"446\" src=\"https:\/\/www.sigradi.org\/sigradi2022\/wp-content\/uploads\/2022\/03\/SIGraDi-2022_Banner_Facebook_PT-1024x446.jpg\" class=\"attachment-large size-large wp-image-2253\" alt=\"\" srcset=\"https:\/\/www.sigradi.org\/sigradi2022\/wp-content\/uploads\/2022\/03\/SIGraDi-2022_Banner_Facebook_PT-1024x446.jpg 1024w, https:\/\/www.sigradi.org\/sigradi2022\/wp-content\/uploads\/2022\/03\/SIGraDi-2022_Banner_Facebook_PT-scaled-600x261.jpg 600w, https:\/\/www.sigradi.org\/sigradi2022\/wp-content\/uploads\/2022\/03\/SIGraDi-2022_Banner_Facebook_PT-300x131.jpg 300w, https:\/\/www.sigradi.org\/sigradi2022\/wp-content\/uploads\/2022\/03\/SIGraDi-2022_Banner_Facebook_PT-768x334.jpg 768w, https:\/\/www.sigradi.org\/sigradi2022\/wp-content\/uploads\/2022\/03\/SIGraDi-2022_Banner_Facebook_PT-1536x669.jpg 1536w, https:\/\/www.sigradi.org\/sigradi2022\/wp-content\/uploads\/2022\/03\/SIGraDi-2022_Banner_Facebook_PT-2048x892.jpg 2048w\" sizes=\"(max-width: 1024px) 100vw, 1024px\" \/>\t\t\t\t\t\t\t\t\t\t\t\t\t\t\t<\/div>\n\t\t\t\t<\/div>\n\t\t\t\t<div class=\"elementor-element elementor-element-4c42b385 elementor-widget elementor-widget-text-editor\" data-id=\"4c42b385\" data-element_type=\"widget\" data-widget_type=\"text-editor.default\">\n\t\t\t\t<div class=\"elementor-widget-container\">\n\t\t\t\t\t\t\t\t\t<p><strong>SIGraDi 2022 | Apropria\u00e7\u00f5es Cr\u00edticas<br \/><\/strong>7 a 11 de novembro, 2022<strong><br \/><\/strong>XXVI Confer\u00eancia Internacional da Sociedade Ibero-Americana de Gr\u00e1fica Digital<\/p><p><span style=\"color: #808080;\">Resumo: <strong>500 palavras\u00a0<\/strong><b>mais Refer\u00eancias\u00a0<\/b><span style=\"font-style: inherit; font-weight: inherit;\">(EN, PT, ES)<br \/><\/span><span style=\"font-style: inherit;\"><span style=\"font-weight: inherit;\">Prazo para submiss\u00e3o:<\/span><br \/><\/span><\/span><span style=\"font-style: inherit;\"><span style=\"color: #808080;\"><b>Segunda-feira, 11 de abril de 2022 (Em qualquer lugar da Terra)<\/b><\/span><span style=\"color: #ff0000;\"><b><br \/><\/b><\/span><\/span><a style=\"font-style: inherit; font-weight: inherit; background-color: #ffffff;\" href=\"https:\/\/www.sigradi.org\/sigradi2022\/faixas\/\">T\u00f3picos de Interesse<\/a><b style=\"color: #ff0000; font-style: inherit;\">\u00a0<\/b><a style=\"font-style: inherit; font-weight: inherit; background-color: #ffffff;\" href=\"https:\/\/openconf.sigradi.org\/openconf.php\">|\u00a0<\/a><span style=\"color: #808080; font-style: inherit; font-weight: inherit;\">Plataforma\u00a0<\/span><a style=\"font-style: inherit; font-weight: inherit; background-color: #ffffff;\" href=\"https:\/\/www.sigradi.org\/sigradi2022\/resumos\/\">OPENCONF<\/a><\/p><p><b>Apropria\u00e7\u00f5es Cr\u00edticas<\/b>, tema do SIGraDI 2022, \u00e9 um chamado \u00e0 reflex\u00e3o sobre a origem e o processo de a\u00e7\u00f5es de um design transformador e suas possibilidades, a partir do papel da tecnologia e seus efeitos no contexto social, cultural, material e educacional.<br \/><span style=\"font-style: inherit; font-weight: inherit; color: var(--ast-global-color-3);\">Por meio de nossas apropria\u00e7\u00f5es e di\u00e1logos com os outros, novas reinterpreta\u00e7\u00f5es criam uma cultura digital que impulsiona as agendas locais para outras geografias.<br \/><\/span><span style=\"font-style: inherit; font-weight: inherit; color: var(--ast-global-color-3);\">Vamos refletir criticamente sobre as trilhas que o SIGraDi tem promovido a cada ano e integrar outras que precisam de debate como Tecnologia Inclusiva, Aprendizagem ao Longo da Vida, Cultura Fa\u00e7a Voc\u00ea Mesmo, Mulheres na Tecnologia e apropria\u00e7\u00f5es que s\u00e3o at\u00e9 promovidas como Fic\u00e7\u00f5es e Utopias.<br \/><\/span><span style=\"font-style: inherit; font-weight: inherit; color: var(--ast-global-color-3);\">O SIGraDi 2022 \u00e9 um convite \u00e0 intera\u00e7\u00e3o entre a intensidade do cotidiano e a sociedade, com a frui\u00e7\u00e3o e apropria\u00e7\u00e3o das tecnologias em suas diferentes formas.<\/span><\/p>\t\t\t\t\t\t\t\t<\/div>\n\t\t\t\t<\/div>\n\t\t\t\t<div class=\"elementor-element elementor-element-49178e27 elementor-widget-divider--view-line elementor-widget elementor-widget-divider\" data-id=\"49178e27\" data-element_type=\"widget\" data-widget_type=\"divider.default\">\n\t\t\t\t<div class=\"elementor-widget-container\">\n\t\t\t\t\t\t\t<div class=\"elementor-divider\">\n\t\t\t<span class=\"elementor-divider-separator\">\n\t\t\t\t\t\t<\/span>\n\t\t<\/div>\n\t\t\t\t\t\t<\/div>\n\t\t\t\t<\/div>\n\t\t\t\t<div class=\"elementor-element elementor-element-4f1b4344 elementor-widget elementor-widget-heading\" data-id=\"4f1b4344\" data-element_type=\"widget\" data-widget_type=\"heading.default\">\n\t\t\t\t<div class=\"elementor-widget-container\">\n\t\t\t\t\t<h2 class=\"elementor-heading-title elementor-size-default\">SOBRE A INSTITUI\u00c7\u00c3O Anfitri\u00e3<\/h2>\t\t\t\t<\/div>\n\t\t\t\t<\/div>\n\t\t\t\t<div class=\"elementor-element elementor-element-314f11b5 elementor-widget elementor-widget-text-editor\" data-id=\"314f11b5\" data-element_type=\"widget\" data-widget_type=\"text-editor.default\">\n\t\t\t\t<div class=\"elementor-widget-container\">\n\t\t\t\t\t\t\t\t\t<p>Em 2005, a <a href=\"https:\/\/pregrado.upc.edu.pe\/en\/facultad-de-arquitectura\/carrera-de-arquitectura\/\">Faculdade de Arquitetura<\/a> da\u00a0<a style=\"font-size: 1rem; background-color: #ffffff;\" href=\"https:\/\/www.upc.edu.pe\/en\/\">Universidad Peruana de Ciencias Aplicadas<\/a><span style=\"color: var(--ast-global-color-3); font-size: 1rem;\">\u00a0<\/span><span style=\"color: var(--ast-global-color-3); font-size: 1rem;\">(UPC)<\/span><span style=\"font-style: inherit; font-weight: inherit; color: var(--ast-global-color-3);\">\u00a0foi anfitri\u00e3 da IX Confer\u00eancia SIGraDi. Em 2022, a UPC liderar\u00e1 a organiza\u00e7\u00e3o de uma nova confer\u00eancia SIGraDi com o valioso apoio da infraestrutura digital da UPC e experi\u00eancia acad\u00eamica.<\/span><\/p><p>Desde a sua cria\u00e7\u00e3o em 1994, a UPC se concentrou em fornecer educa\u00e7\u00e3o de alta qualidade orientada a formar l\u00edderes \u00edntegros e inovadores com uma vis\u00e3o global, para que possam transformar o Peru.<br \/>Em 2016, a UPC se tornou a primeira e \u00fanica universidade peruana credenciada institucionalmente no mais alto n\u00edvel pela WASC Senior College and University Commission (WSCUC), uma ag\u00eancia de credenciamento oficialmente reconhecida pelo Departamento de Educa\u00e7\u00e3o dos Estados Unidos.<\/p>\t\t\t\t\t\t\t\t<\/div>\n\t\t\t\t<\/div>\n\t\t\t\t<section class=\"elementor-section elementor-inner-section elementor-element elementor-element-5fe632fa elementor-section-boxed elementor-section-height-default elementor-section-height-default\" data-id=\"5fe632fa\" data-element_type=\"section\">\n\t\t\t\t\t\t<div class=\"elementor-container elementor-column-gap-default\">\n\t\t\t\t\t<div class=\"elementor-column elementor-col-50 elementor-inner-column elementor-element elementor-element-5249fe3b\" data-id=\"5249fe3b\" data-element_type=\"column\">\n\t\t\t<div class=\"elementor-widget-wrap elementor-element-populated\">\n\t\t\t\t\t\t<div class=\"elementor-element elementor-element-4f44c912 elementor-widget elementor-widget-image\" data-id=\"4f44c912\" data-element_type=\"widget\" data-widget_type=\"image.default\">\n\t\t\t\t<div class=\"elementor-widget-container\">\n\t\t\t\t\t\t\t\t\t\t\t\t\t\t\t<img decoding=\"async\" width=\"1024\" height=\"376\" src=\"https:\/\/www.sigradi.org\/sigradi2022\/wp-content\/uploads\/2022\/01\/UPC_LOGO_VARIANTE_HOR-1024x376.png\" class=\"attachment-large size-large wp-image-852\" alt=\"\" srcset=\"https:\/\/www.sigradi.org\/sigradi2022\/wp-content\/uploads\/2022\/01\/UPC_LOGO_VARIANTE_HOR-1024x376.png 1024w, https:\/\/www.sigradi.org\/sigradi2022\/wp-content\/uploads\/2022\/01\/UPC_LOGO_VARIANTE_HOR-600x220.png 600w, https:\/\/www.sigradi.org\/sigradi2022\/wp-content\/uploads\/2022\/01\/UPC_LOGO_VARIANTE_HOR-300x110.png 300w, https:\/\/www.sigradi.org\/sigradi2022\/wp-content\/uploads\/2022\/01\/UPC_LOGO_VARIANTE_HOR-768x282.png 768w, https:\/\/www.sigradi.org\/sigradi2022\/wp-content\/uploads\/2022\/01\/UPC_LOGO_VARIANTE_HOR-1536x564.png 1536w, https:\/\/www.sigradi.org\/sigradi2022\/wp-content\/uploads\/2022\/01\/UPC_LOGO_VARIANTE_HOR-2048x752.png 2048w\" sizes=\"(max-width: 1024px) 100vw, 1024px\" \/>\t\t\t\t\t\t\t\t\t\t\t\t\t\t\t<\/div>\n\t\t\t\t<\/div>\n\t\t\t\t\t<\/div>\n\t\t<\/div>\n\t\t\t\t<div class=\"elementor-column elementor-col-50 elementor-inner-column elementor-element elementor-element-509810dc\" data-id=\"509810dc\" data-element_type=\"column\">\n\t\t\t<div class=\"elementor-widget-wrap elementor-element-populated\">\n\t\t\t\t\t\t<div class=\"elementor-element elementor-element-29f7319d elementor-widget elementor-widget-image\" data-id=\"29f7319d\" data-element_type=\"widget\" data-widget_type=\"image.default\">\n\t\t\t\t<div class=\"elementor-widget-container\">\n\t\t\t\t\t\t\t\t\t\t\t\t\t\t\t<img decoding=\"async\" width=\"1024\" height=\"480\" src=\"https:\/\/www.sigradi.org\/sigradi2022\/wp-content\/uploads\/2022\/01\/SIGRADI-naranja-sobre-blanco-1024x480.jpg\" class=\"attachment-large size-large wp-image-861\" alt=\"\" srcset=\"https:\/\/www.sigradi.org\/sigradi2022\/wp-content\/uploads\/2022\/01\/SIGRADI-naranja-sobre-blanco-1024x480.jpg 1024w, https:\/\/www.sigradi.org\/sigradi2022\/wp-content\/uploads\/2022\/01\/SIGRADI-naranja-sobre-blanco-600x281.jpg 600w, https:\/\/www.sigradi.org\/sigradi2022\/wp-content\/uploads\/2022\/01\/SIGRADI-naranja-sobre-blanco-300x140.jpg 300w, https:\/\/www.sigradi.org\/sigradi2022\/wp-content\/uploads\/2022\/01\/SIGRADI-naranja-sobre-blanco-768x360.jpg 768w, https:\/\/www.sigradi.org\/sigradi2022\/wp-content\/uploads\/2022\/01\/SIGRADI-naranja-sobre-blanco.jpg 1168w\" sizes=\"(max-width: 1024px) 100vw, 1024px\" \/>\t\t\t\t\t\t\t\t\t\t\t\t\t\t\t<\/div>\n\t\t\t\t<\/div>\n\t\t\t\t\t<\/div>\n\t\t<\/div>\n\t\t\t\t\t<\/div>\n\t\t<\/section>\n\t\t\t\t\t<\/div>\n\t\t<\/div>\n\t\t\t\t<div class=\"elementor-column elementor-col-50 elementor-top-column elementor-element elementor-element-3a61aa26\" data-id=\"3a61aa26\" data-element_type=\"column\">\n\t\t\t<div class=\"elementor-widget-wrap elementor-element-populated\">\n\t\t\t\t\t\t\t<\/div>\n\t\t<\/div>\n\t\t\t\t\t<\/div>\n\t\t<\/section>\n\t\t\t\t<\/div>\n\t\t","protected":false},"excerpt":{"rendered":"<p>APRESENTA\u00c7\u00c3O SIGraDi 2022 | Apropria\u00e7\u00f5es Cr\u00edticas7 a 11 de novembro, 2022XXVI Confer\u00eancia Internacional da Sociedade Ibero-Americana de Gr\u00e1fica Digital Resumo: 500 palavras\u00a0mais Refer\u00eancias\u00a0(EN, PT, ES)Prazo para submiss\u00e3o:Segunda-feira, 11 de abril de 2022 (Em qualquer lugar da Terra)T\u00f3picos de Interesse\u00a0|\u00a0Plataforma\u00a0OPENCONF Apropria\u00e7\u00f5es Cr\u00edticas, tema do SIGraDI 2022, \u00e9 um chamado \u00e0 reflex\u00e3o sobre a origem e o [&hellip;]<\/p>\n","protected":false},"author":1,"featured_media":0,"parent":0,"menu_order":0,"comment_status":"closed","ping_status":"closed","template":"","meta":{"site-sidebar-layout":"no-sidebar","site-content-layout":"page-builder","ast-site-content-layout":"default","site-content-style":"default","site-sidebar-style":"default","ast-global-header-display":"","ast-banner-title-visibility":"","ast-main-header-display":"","ast-hfb-above-header-display":"","ast-hfb-below-header-display":"","ast-hfb-mobile-header-display":"","site-post-title":"disabled","ast-breadcrumbs-content":"","ast-featured-img":"disabled","footer-sml-layout":"","ast-disable-related-posts":"","theme-transparent-header-meta":"","adv-header-id-meta":"","stick-header-meta":"","header-above-stick-meta":"","header-main-stick-meta":"","header-below-stick-meta":"","astra-migrate-meta-layouts":"default","ast-page-background-enabled":"default","ast-page-background-meta":{"desktop":{"background-color":"","background-image":"","background-repeat":"repeat","background-position":"center center","background-size":"auto","background-attachment":"scroll","background-type":"","background-media":"","overlay-type":"","overlay-color":"","overlay-opacity":"","overlay-gradient":""},"tablet":{"background-color":"","background-image":"","background-repeat":"repeat","background-position":"center center","background-size":"auto","background-attachment":"scroll","background-type":"","background-media":"","overlay-type":"","overlay-color":"","overlay-opacity":"","overlay-gradient":""},"mobile":{"background-color":"","background-image":"","background-repeat":"repeat","background-position":"center center","background-size":"auto","background-attachment":"scroll","background-type":"","background-media":"","overlay-type":"","overlay-color":"","overlay-opacity":"","overlay-gradient":""}},"ast-content-background-meta":{"desktop":{"background-color":"var(--ast-global-color-5)","background-image":"","background-repeat":"repeat","background-position":"center center","background-size":"auto","background-attachment":"scroll","background-type":"","background-media":"","overlay-type":"","overlay-color":"","overlay-opacity":"","overlay-gradient":""},"tablet":{"background-color":"var(--ast-global-color-5)","background-image":"","background-repeat":"repeat","background-position":"center center","background-size":"auto","background-attachment":"scroll","background-type":"","background-media":"","overlay-type":"","overlay-color":"","overlay-opacity":"","overlay-gradient":""},"mobile":{"background-color":"var(--ast-global-color-5)","background-image":"","background-repeat":"repeat","background-position":"center center","background-size":"auto","background-attachment":"scroll","background-type":"","background-media":"","overlay-type":"","overlay-color":"","overlay-opacity":"","overlay-gradient":""}},"footnotes":""},"class_list":["post-1166","page","type-page","status-publish","hentry"],"_links":{"self":[{"href":"https:\/\/www.sigradi.org\/sigradi2022\/wp-json\/wp\/v2\/pages\/1166","targetHints":{"allow":["GET"]}}],"collection":[{"href":"https:\/\/www.sigradi.org\/sigradi2022\/wp-json\/wp\/v2\/pages"}],"about":[{"href":"https:\/\/www.sigradi.org\/sigradi2022\/wp-json\/wp\/v2\/types\/page"}],"author":[{"embeddable":true,"href":"https:\/\/www.sigradi.org\/sigradi2022\/wp-json\/wp\/v2\/users\/1"}],"replies":[{"embeddable":true,"href":"https:\/\/www.sigradi.org\/sigradi2022\/wp-json\/wp\/v2\/comments?post=1166"}],"version-history":[{"count":64,"href":"https:\/\/www.sigradi.org\/sigradi2022\/wp-json\/wp\/v2\/pages\/1166\/revisions"}],"predecessor-version":[{"id":2711,"href":"https:\/\/www.sigradi.org\/sigradi2022\/wp-json\/wp\/v2\/pages\/1166\/revisions\/2711"}],"wp:attachment":[{"href":"https:\/\/www.sigradi.org\/sigradi2022\/wp-json\/wp\/v2\/media?parent=1166"}],"curies":[{"name":"wp","href":"https:\/\/api.w.org\/{rel}","templated":true}]}}