{"id":1176,"date":"2022-01-28T00:43:51","date_gmt":"2022-01-28T00:43:51","guid":{"rendered":"https:\/\/www.sigradi.org\/sigradi2022\/?page_id=1176"},"modified":"2022-09-23T00:44:55","modified_gmt":"2022-09-23T00:44:55","slug":"datas-importantes","status":"publish","type":"page","link":"https:\/\/www.sigradi.org\/sigradi2022\/datas-importantes\/","title":{"rendered":"Datas importantes"},"content":{"rendered":"\t\t<div data-elementor-type=\"wp-page\" data-elementor-id=\"1176\" class=\"elementor elementor-1176\" data-elementor-post-type=\"page\">\n\t\t\t\t\t\t<section class=\"elementor-section elementor-top-section elementor-element elementor-element-25e99e09 elementor-section-boxed elementor-section-height-default elementor-section-height-default\" data-id=\"25e99e09\" data-element_type=\"section\" id=\"scrollup\">\n\t\t\t\t\t\t<div class=\"elementor-container elementor-column-gap-default\">\n\t\t\t\t\t<div class=\"elementor-column elementor-col-50 elementor-top-column elementor-element elementor-element-567e1596\" data-id=\"567e1596\" data-element_type=\"column\">\n\t\t\t<div class=\"elementor-widget-wrap elementor-element-populated\">\n\t\t\t\t\t\t<div class=\"elementor-element elementor-element-620872f9 elementor-widget elementor-widget-heading\" data-id=\"620872f9\" data-element_type=\"widget\" data-widget_type=\"heading.default\">\n\t\t\t\t<div class=\"elementor-widget-container\">\n\t\t\t\t\t<h2 class=\"elementor-heading-title elementor-size-default\">DATas importantes<\/h2>\t\t\t\t<\/div>\n\t\t\t\t<\/div>\n\t\t\t\t<div class=\"elementor-element elementor-element-341c5955 elementor-widget elementor-widget-text-editor\" data-id=\"341c5955\" data-element_type=\"widget\" data-widget_type=\"text-editor.default\">\n\t\t\t\t<div class=\"elementor-widget-container\">\n\t\t\t\t\t\t\t\t\t<p><b>DATAS DA CONFER\u00caNCIA SIGraDi 2022<\/b><\/p><ul><li><del>31 de janeiro<\/del><br \/><del>Chamada para resumos<\/del><\/li><li><del>11 de abril, 2022<\/del><br \/><del>(Em qualquer lugar da Terra)<\/del><br \/><del>Data limite para o envio dos resumos<\/del><br \/><del><a style=\"font-weight: bold;\" href=\"https:\/\/www.sigradi.org\/sigradi2022\/apresentacao\/\">O tema<\/a> |\u00a0<a style=\"font-weight: bold;\" href=\"https:\/\/www.sigradi.org\/sigradi2022\/faixas\/\">T\u00f3picos de Interesse<\/a><b>\u00a0<\/b><a style=\"font-weight: bold; background-color: #ffffff;\" href=\"https:\/\/openconf.sigradi.org\/openconf.php\">| <\/a><span style=\"background-color: #ffffff; color: #333333;\">Plataforma <\/span><a style=\"font-weight: bold; background-color: #ffffff;\" href=\"https:\/\/www.sigradi.org\/sigradi2022\/resumos\/\">OPENCONF<\/a>.<\/del><\/li><li><del>20 de maio<\/del><br \/><del>Notifica\u00e7\u00e3o de resumos aprovados<\/del><\/li><li><del>12 de julho<\/del><br \/><del>Data limite para o envio dos artigos completos<\/del><\/li><li><del>15 de agosto<\/del><br \/><del>Notifica\u00e7\u00e3o de artigos completos aprovados<\/del><\/li><li><del>12 de setembro<\/del><br \/><del>Envio de artigos definitivos<\/del><\/li><li><span style=\"color: #ff0000;\"><strong>3 de outubro<\/strong><\/span><br \/><span style=\"color: #ff0000;\"><strong>Registration deadline (per conference paper)<\/strong><\/span><\/li><li>9 a 11 de novembro 9th- 11th<br \/>Conferences<\/li><\/ul><p><strong>DATAS DOS WORKSHOPS SIGraDi 2022<\/strong><\/p><ul><li><del>10 de julho<\/del><br \/><del>Chamada Workshops<\/del><\/li><li><del>7 de agosto, 2022<\/del><br \/><del>Prazo de envio da proposta do workshops<\/del><\/li><li><strong><span style=\"color: #ff0000;\">15 de outubro<\/span><\/strong><br \/><strong><span style=\"color: #ff0000;\">Deadline Registration<\/span><\/strong><\/li><li>4 de novembro<span style=\"font-weight: bold;\"><br \/><\/span>Datas do Workshop<\/li><li>7 de Novembro\u00a0<span style=\"font-weight: bold;\"><br \/><\/span>Apresenta\u00e7\u00f5es de Workshops<\/li><\/ul><p><strong>DATAS DO PhD WORKSHOP SIGraDi 2022<\/strong><\/p><ul><li><del>1 de julho<span style=\"font-weight: bold;\"><br \/><\/span>Chamada para PhD Workshop<\/del><\/li><li><del>19 de setembro<\/del><br \/><del>Prazo para submiss\u00e3o da Propostas<\/del><\/li><li>7 e 8 de novembro<br \/>Apresenta\u00e7\u00f5es de PhD Workshop<span style=\"font-weight: bold;\"><br \/><\/span><\/li><\/ul>\t\t\t\t\t\t\t\t<\/div>\n\t\t\t\t<\/div>\n\t\t\t\t\t<\/div>\n\t\t<\/div>\n\t\t\t\t<div class=\"elementor-column elementor-col-50 elementor-top-column elementor-element elementor-element-500d10a9\" data-id=\"500d10a9\" data-element_type=\"column\">\n\t\t\t<div class=\"elementor-widget-wrap\">\n\t\t\t\t\t\t\t<\/div>\n\t\t<\/div>\n\t\t\t\t\t<\/div>\n\t\t<\/section>\n\t\t\t\t<section class=\"elementor-section elementor-top-section elementor-element elementor-element-4daa71c6 elementor-section-boxed elementor-section-height-default elementor-section-height-default\" data-id=\"4daa71c6\" data-element_type=\"section\">\n\t\t\t\t\t\t<div class=\"elementor-container elementor-column-gap-default\">\n\t\t\t\t\t<div class=\"elementor-column elementor-col-100 elementor-top-column elementor-element elementor-element-19810f63\" data-id=\"19810f63\" data-element_type=\"column\">\n\t\t\t<div class=\"elementor-widget-wrap\">\n\t\t\t\t\t\t\t<\/div>\n\t\t<\/div>\n\t\t\t\t\t<\/div>\n\t\t<\/section>\n\t\t\t\t<\/div>\n\t\t","protected":false},"excerpt":{"rendered":"<p>DATas importantes DATAS DA CONFER\u00caNCIA SIGraDi 2022 31 de janeiroChamada para resumos 11 de abril, 2022(Em qualquer lugar da Terra)Data limite para o envio dos resumosO tema |\u00a0T\u00f3picos de Interesse\u00a0| Plataforma OPENCONF. 20 de maioNotifica\u00e7\u00e3o de resumos aprovados 12 de julhoData limite para o envio dos artigos completos 15 de agostoNotifica\u00e7\u00e3o de artigos completos aprovados [&hellip;]<\/p>\n","protected":false},"author":1,"featured_media":0,"parent":0,"menu_order":0,"comment_status":"closed","ping_status":"closed","template":"","meta":{"site-sidebar-layout":"no-sidebar","site-content-layout":"page-builder","ast-site-content-layout":"default","site-content-style":"default","site-sidebar-style":"default","ast-global-header-display":"","ast-banner-title-visibility":"","ast-main-header-display":"","ast-hfb-above-header-display":"","ast-hfb-below-header-display":"","ast-hfb-mobile-header-display":"","site-post-title":"disabled","ast-breadcrumbs-content":"","ast-featured-img":"disabled","footer-sml-layout":"","ast-disable-related-posts":"","theme-transparent-header-meta":"","adv-header-id-meta":"","stick-header-meta":"","header-above-stick-meta":"","header-main-stick-meta":"","header-below-stick-meta":"","astra-migrate-meta-layouts":"default","ast-page-background-enabled":"default","ast-page-background-meta":{"desktop":{"background-color":"","background-image":"","background-repeat":"repeat","background-position":"center center","background-size":"auto","background-attachment":"scroll","background-type":"","background-media":"","overlay-type":"","overlay-color":"","overlay-opacity":"","overlay-gradient":""},"tablet":{"background-color":"","background-image":"","background-repeat":"repeat","background-position":"center center","background-size":"auto","background-attachment":"scroll","background-type":"","background-media":"","overlay-type":"","overlay-color":"","overlay-opacity":"","overlay-gradient":""},"mobile":{"background-color":"","background-image":"","background-repeat":"repeat","background-position":"center center","background-size":"auto","background-attachment":"scroll","background-type":"","background-media":"","overlay-type":"","overlay-color":"","overlay-opacity":"","overlay-gradient":""}},"ast-content-background-meta":{"desktop":{"background-color":"var(--ast-global-color-5)","background-image":"","background-repeat":"repeat","background-position":"center center","background-size":"auto","background-attachment":"scroll","background-type":"","background-media":"","overlay-type":"","overlay-color":"","overlay-opacity":"","overlay-gradient":""},"tablet":{"background-color":"var(--ast-global-color-5)","background-image":"","background-repeat":"repeat","background-position":"center center","background-size":"auto","background-attachment":"scroll","background-type":"","background-media":"","overlay-type":"","overlay-color":"","overlay-opacity":"","overlay-gradient":""},"mobile":{"background-color":"var(--ast-global-color-5)","background-image":"","background-repeat":"repeat","background-position":"center center","background-size":"auto","background-attachment":"scroll","background-type":"","background-media":"","overlay-type":"","overlay-color":"","overlay-opacity":"","overlay-gradient":""}},"footnotes":""},"class_list":["post-1176","page","type-page","status-publish","hentry"],"_links":{"self":[{"href":"https:\/\/www.sigradi.org\/sigradi2022\/wp-json\/wp\/v2\/pages\/1176","targetHints":{"allow":["GET"]}}],"collection":[{"href":"https:\/\/www.sigradi.org\/sigradi2022\/wp-json\/wp\/v2\/pages"}],"about":[{"href":"https:\/\/www.sigradi.org\/sigradi2022\/wp-json\/wp\/v2\/types\/page"}],"author":[{"embeddable":true,"href":"https:\/\/www.sigradi.org\/sigradi2022\/wp-json\/wp\/v2\/users\/1"}],"replies":[{"embeddable":true,"href":"https:\/\/www.sigradi.org\/sigradi2022\/wp-json\/wp\/v2\/comments?post=1176"}],"version-history":[{"count":67,"href":"https:\/\/www.sigradi.org\/sigradi2022\/wp-json\/wp\/v2\/pages\/1176\/revisions"}],"predecessor-version":[{"id":5399,"href":"https:\/\/www.sigradi.org\/sigradi2022\/wp-json\/wp\/v2\/pages\/1176\/revisions\/5399"}],"wp:attachment":[{"href":"https:\/\/www.sigradi.org\/sigradi2022\/wp-json\/wp\/v2\/media?parent=1176"}],"curies":[{"name":"wp","href":"https:\/\/api.w.org\/{rel}","templated":true}]}}