{"id":1673,"date":"2022-01-31T15:02:44","date_gmt":"2022-01-31T15:02:44","guid":{"rendered":"https:\/\/www.sigradi.org\/sigradi2022\/?page_id=1673"},"modified":"2022-07-12T02:41:38","modified_gmt":"2022-07-12T02:41:38","slug":"resumos","status":"publish","type":"page","link":"https:\/\/www.sigradi.org\/sigradi2022\/resumos\/","title":{"rendered":"Resumos"},"content":{"rendered":"\t\t<div data-elementor-type=\"wp-page\" data-elementor-id=\"1673\" class=\"elementor elementor-1673\" data-elementor-post-type=\"page\">\n\t\t\t\t\t\t<section class=\"elementor-section elementor-top-section elementor-element elementor-element-7ca78ff elementor-section-boxed elementor-section-height-default elementor-section-height-default\" data-id=\"7ca78ff\" data-element_type=\"section\" id=\"scrollup\">\n\t\t\t\t\t\t<div class=\"elementor-container elementor-column-gap-default\">\n\t\t\t\t\t<div class=\"elementor-column elementor-col-50 elementor-top-column elementor-element elementor-element-30ae7a4\" data-id=\"30ae7a4\" data-element_type=\"column\">\n\t\t\t<div class=\"elementor-widget-wrap elementor-element-populated\">\n\t\t\t\t\t\t<div class=\"elementor-element elementor-element-782442ef elementor-widget elementor-widget-heading\" data-id=\"782442ef\" data-element_type=\"widget\" data-widget_type=\"heading.default\">\n\t\t\t\t<div class=\"elementor-widget-container\">\n\t\t\t\t\t<h2 class=\"elementor-heading-title elementor-size-default\"><span style=\"font-size: 28px\">ENVIO DE TRABALHO COMPLETO<\/span><\/h2>\t\t\t\t<\/div>\n\t\t\t\t<\/div>\n\t\t\t\t<div class=\"elementor-element elementor-element-4f9ca44 elementor-widget elementor-widget-text-editor\" data-id=\"4f9ca44\" data-element_type=\"widget\" data-widget_type=\"text-editor.default\">\n\t\t\t\t<div class=\"elementor-widget-container\">\n\t\t\t\t\t\t\t\t\t<p>Bem-vindo ao processo de submiss\u00e3o de trabalhos completos da Confer\u00eancia SIGraDI 2022. Revise por alguns minutos as seguintes informa\u00e7\u00f5es que contextualizam o uso do template (Baixe o arquivo DOCX), envie seu trabalho (carregue seu arquivo PDF), atualize novas informa\u00e7\u00f5es (OpenConf) e os crit\u00e9rios para avaliar seu trabalho.<\/p>\t\t\t\t\t\t\t\t<\/div>\n\t\t\t\t<\/div>\n\t\t\t\t<div class=\"elementor-element elementor-element-6c7e4d4 elementor-align-center elementor-widget elementor-widget-button\" data-id=\"6c7e4d4\" data-element_type=\"widget\" data-widget_type=\"button.default\">\n\t\t\t\t<div class=\"elementor-widget-container\">\n\t\t\t\t\t\t\t\t\t<div class=\"elementor-button-wrapper\">\n\t\t\t\t\t<a class=\"elementor-button elementor-button-link elementor-size-xs\" href=\"https:\/\/www.sigradi.org\/sigradi2022\/wp-content\/uploads\/2022\/06\/SIGraDi_Full_Paper_Template_2022__Styles-2.docx\">\n\t\t\t\t\t\t<span class=\"elementor-button-content-wrapper\">\n\t\t\t\t\t\t<span class=\"elementor-button-icon\">\n\t\t\t\t<i aria-hidden=\"true\" class=\"far fa-file-archive\"><\/i>\t\t\t<\/span>\n\t\t\t\t\t\t\t\t\t<span class=\"elementor-button-text\">BAIXE o template do SIGRADI 2022 (MS WORD)<\/span>\n\t\t\t\t\t<\/span>\n\t\t\t\t\t<\/a>\n\t\t\t\t<\/div>\n\t\t\t\t\t\t\t\t<\/div>\n\t\t\t\t<\/div>\n\t\t\t\t<div class=\"elementor-element elementor-element-f7692a2 elementor-widget elementor-widget-text-editor\" data-id=\"f7692a2\" data-element_type=\"widget\" data-widget_type=\"text-editor.default\">\n\t\t\t\t<div class=\"elementor-widget-container\">\n\t\t\t\t\t\t\t\t\t<p>O objetivo do template SIGraDI 2022 \u00e9 utilizar um formato \u00fanico para todos os trabalhos que ser\u00e3o publicados no livro da confer\u00eancia. Portanto, n\u00e3o pode ser modificado. Se voc\u00ea modificar o template, alterar margens, estilos, tipografia, espa\u00e7amento ou outros definidos no template, causar\u00e1 problemas para a equipe editorial e n\u00e3o poderemos incluir seu trabalho na publica\u00e7\u00e3o, caso seja aceito. Se voc\u00ea estiver usando o MS Word, os estilos de cada uma das se\u00e7\u00f5es estar\u00e3o dispon\u00edveis para facilitar a edi\u00e7\u00e3o.<\/p>\t\t\t\t\t\t\t\t<\/div>\n\t\t\t\t<\/div>\n\t\t\t\t<div class=\"elementor-element elementor-element-c5aec53 elementor-widget elementor-widget-heading\" data-id=\"c5aec53\" data-element_type=\"widget\" data-widget_type=\"heading.default\">\n\t\t\t\t<div class=\"elementor-widget-container\">\n\t\t\t\t\t<h2 class=\"elementor-heading-title elementor-size-default\">link de envio<\/h2>\t\t\t\t<\/div>\n\t\t\t\t<\/div>\n\t\t\t\t<div class=\"elementor-element elementor-element-17f48e3 elementor-align-center elementor-widget elementor-widget-button\" data-id=\"17f48e3\" data-element_type=\"widget\" data-widget_type=\"button.default\">\n\t\t\t\t<div class=\"elementor-widget-container\">\n\t\t\t\t\t\t\t\t\t<div class=\"elementor-button-wrapper\">\n\t\t\t\t\t<a class=\"elementor-button elementor-button-link elementor-size-xs\" href=\"http:\/\/submission.sigradi.org\/author\/upload.php\">\n\t\t\t\t\t\t<span class=\"elementor-button-content-wrapper\">\n\t\t\t\t\t\t<span class=\"elementor-button-icon\">\n\t\t\t\t<i aria-hidden=\"true\" class=\"far fa-file-archive\"><\/i>\t\t\t<\/span>\n\t\t\t\t\t\t\t\t\t<span class=\"elementor-button-text\">plataforma para enviar seu trabalho<\/span>\n\t\t\t\t\t<\/span>\n\t\t\t\t\t<\/a>\n\t\t\t\t<\/div>\n\t\t\t\t\t\t\t\t<\/div>\n\t\t\t\t<\/div>\n\t\t\t\t<div class=\"elementor-element elementor-element-b9d5174 elementor-widget elementor-widget-text-editor\" data-id=\"b9d5174\" data-element_type=\"widget\" data-widget_type=\"text-editor.default\">\n\t\t\t\t<div class=\"elementor-widget-container\">\n\t\t\t\t\t\t\t\t\t<p>As submiss\u00f5es devem incluir <strong>apenas arquivos *.pdf<\/strong>. Os arquivos devem ser nomeados de acordo com seu n\u00famero de identifica\u00e7\u00e3o (ou seja, ID_100.pdf).<br \/><span style=\"font-style: inherit; font-weight: inherit; color: var(--ast-global-color-3);\">As informa\u00e7\u00f5es sobre o <strong>autor<\/strong> ou <strong>institui\u00e7\u00e3o<\/strong> devem ser omitidas nesta etapa.<\/span><\/p><p>A extens\u00e3o dos trabalhos \u00e9 de <strong>10 ou 12 p\u00e1ginas<\/strong>, e entre <strong>2500 e 3500 palavras<\/strong> dependendo do n\u00famero de figuras, tabelas e refer\u00eancias. Para esta submiss\u00e3o e apresenta\u00e7\u00f5es orais, os autores podem utilizar qualquer um dos idiomas oficiais do SIGraDi (Portugu\u00eas, Espanhol ou Ingl\u00eas).<\/p>\t\t\t\t\t\t\t\t<\/div>\n\t\t\t\t<\/div>\n\t\t\t\t<div class=\"elementor-element elementor-element-49e4474 elementor-widget elementor-widget-heading\" data-id=\"49e4474\" data-element_type=\"widget\" data-widget_type=\"heading.default\">\n\t\t\t\t<div class=\"elementor-widget-container\">\n\t\t\t\t\t<h2 class=\"elementor-heading-title elementor-size-default\">ATUALIZE SUAS INFORMA\u00c7\u00d5ES<\/h2>\t\t\t\t<\/div>\n\t\t\t\t<\/div>\n\t\t\t\t<div class=\"elementor-element elementor-element-14b4fe5 elementor-widget elementor-widget-text-editor\" data-id=\"14b4fe5\" data-element_type=\"widget\" data-widget_type=\"text-editor.default\">\n\t\t\t\t<div class=\"elementor-widget-container\">\n\t\t\t\t\t\t\t\t\t<p>Se voc\u00ea fez altera\u00e7\u00f5es neste est\u00e1gio, \u00e9 imperativo que voc\u00ea atualize essas informa\u00e7\u00f5es no OpenConf (por exemplo, nomes dos autores, t\u00edtulo da submiss\u00e3o, e-mail, etc). Por favor, insira o seguinte link para editar seus dados.<\/p>\t\t\t\t\t\t\t\t<\/div>\n\t\t\t\t<\/div>\n\t\t\t\t<div class=\"elementor-element elementor-element-ba597d1 elementor-align-center elementor-widget elementor-widget-button\" data-id=\"ba597d1\" data-element_type=\"widget\" data-widget_type=\"button.default\">\n\t\t\t\t<div class=\"elementor-widget-container\">\n\t\t\t\t\t\t\t\t\t<div class=\"elementor-button-wrapper\">\n\t\t\t\t\t<a class=\"elementor-button elementor-button-link elementor-size-xs\" href=\"http:\/\/submission.sigradi.org\/author\/edit.php\">\n\t\t\t\t\t\t<span class=\"elementor-button-content-wrapper\">\n\t\t\t\t\t\t<span class=\"elementor-button-icon\">\n\t\t\t\t<i aria-hidden=\"true\" class=\"far fa-file-archive\"><\/i>\t\t\t<\/span>\n\t\t\t\t\t\t\t\t\t<span class=\"elementor-button-text\">editar informa\u00e7\u00f5es no openconf<\/span>\n\t\t\t\t\t<\/span>\n\t\t\t\t\t<\/a>\n\t\t\t\t<\/div>\n\t\t\t\t\t\t\t\t<\/div>\n\t\t\t\t<\/div>\n\t\t\t\t<div class=\"elementor-element elementor-element-30c661a0 elementor-widget elementor-widget-text-editor\" data-id=\"30c661a0\" data-element_type=\"widget\" data-widget_type=\"text-editor.default\">\n\t\t\t\t<div class=\"elementor-widget-container\">\n\t\t\t\t\t\t\t\t\t<p><span style=\"color: var(--ast-global-color-3);\">Os resumos ser\u00e3o revisados por um Comit\u00ea Cient\u00edfico Internacional com recomenda\u00e7\u00f5es sob os seguintes crit\u00e9rios de avalia\u00e7\u00e3o:<\/span><\/p><ul><li><b>Concord\u00e2ncia<\/b> com o tema principal da confer\u00eancia\u00a0 e os eixos tem\u00e1ticos escolhidos na submiss\u00e3o;<\/li><li><b>Originalidade<\/b> do tema, problema ou projeto. A publica\u00e7\u00e3o deve conter pesquisas originais que n\u00e3o tenham sido publicadas nem submetidas para publica\u00e7\u00e3o em outro lugar. \u00c9 responsabilidade dos autores que n\u00e3o tenha ocorrido pl\u00e1gio nem autopl\u00e1gio;<\/li><li><b>Relev\u00e2ncia<\/b> da contribui\u00e7\u00e3o para a \u00e1rea;<\/li><li><b>Metodologia<\/b> ou t\u00e9cnicas empregadas<span style=\"color: rgba(0, 0, 0, 0);\"><span style=\"font-style: inherit; font-weight: inherit;\">;<\/span><\/span><\/li><li><b>Qualidade<\/b> de refer\u00eancias utilizadas;<\/li><li><b>Organiza\u00e7\u00e3o<\/b> geral do trabalho de acordo com as diretrizes estabelecidas.<\/li><\/ul><p><b>Livro de Atas do Congresso<\/b>. Os trabalhos de confer\u00eancia aceitos ser\u00e3o publicados nos Anais da Confer\u00eancia (ISBN), bem como no\u00a0<a style=\"background-color: #ffffff;\" href=\"https:\/\/www.proceedings.blucher.com.br\/article-list\/sigradi2020-351\/list#articles\">Blucher Design Proceedings<\/a>\u00a0(ISSN) e banco de dados\u00a0<a style=\"background-color: #ffffff;\" href=\"http:\/\/papers.cumincad.org\/\">CumInCAD<\/a>.<\/p><p><span style=\"font-weight: bold;\">Convites para Revistas<br \/><\/span>Ap\u00f3s a confer\u00eancia, o Comit\u00ea Editorial do SIGraDi convidar\u00e1 os autores com maior pontua\u00e7\u00e3o a preparar uma vers\u00e3o estendida de seus trabalhos\u00a0para o\u00a0<a style=\"background-color: #ffffff; outline: 0px;\" href=\"https:\/\/journals.sagepub.com\/toc\/jaca\/19\/2\">International Journal of Architectural Computing<\/a>\u00a0(IJAC), publicado pela SAGE Journal, bem como para a revista\u00a0<a style=\"background-color: #ffffff; outline: 0px;\" href=\"https:\/\/www.revistas.usp.br\/gestaodeprojetos\/issue\/view\/12169\">Gest\u00e3o &amp; Tecnologia de Projetos<\/a>\u00a0publicada pela Universidade de S\u00e3o Paulo.<\/p><p><span style=\"font-style: inherit; color: var(--ast-global-color-3);\">Por se tratar de um processo de revis\u00e3o cega, o\u00a0<\/span>trabalho<span style=\"font-style: inherit; color: var(--ast-global-color-3);\">\u00a0n\u00e3o deve mencionar os nomes dos autores ou da institui\u00e7\u00e3o, nem qualquer indica\u00e7\u00e3o de autoria. N\u00e3o h\u00e1 limite para submiss\u00e3o de\u00a0<\/span>trabalhos<span style=\"font-style: inherit; color: var(--ast-global-color-3);\">. Cada inscri\u00e7\u00e3o no congresso permitir\u00e1 uma publica\u00e7\u00e3o e uma apresenta\u00e7\u00e3o.<\/span><\/p>\t\t\t\t\t\t\t\t<\/div>\n\t\t\t\t<\/div>\n\t\t\t\t\t<\/div>\n\t\t<\/div>\n\t\t\t\t<div class=\"elementor-column elementor-col-50 elementor-top-column elementor-element elementor-element-14e19097\" data-id=\"14e19097\" data-element_type=\"column\">\n\t\t\t<div class=\"elementor-widget-wrap elementor-element-populated\">\n\t\t\t\t\t\t<div class=\"elementor-element elementor-element-3569e0c elementor-widget elementor-widget-heading\" data-id=\"3569e0c\" data-element_type=\"widget\" data-widget_type=\"heading.default\">\n\t\t\t\t<div class=\"elementor-widget-container\">\n\t\t\t\t\t<h2 class=\"elementor-heading-title elementor-size-default\"><a href=\"http:\/\/submission.sigradi.org\/author\/status.php\" style=\"font-size: 29px;text-align: center;white-space: normal\">prazo: 12 de julho<\/a><\/h2>\t\t\t\t<\/div>\n\t\t\t\t<\/div>\n\t\t\t\t<div class=\"elementor-element elementor-element-a25b8f2 elementor-countdown--label-block elementor-widget elementor-widget-countdown\" data-id=\"a25b8f2\" data-element_type=\"widget\" data-widget_type=\"countdown.default\">\n\t\t\t\t<div class=\"elementor-widget-container\">\n\t\t\t\t\t\t\t<div class=\"elementor-countdown-wrapper\" data-date=\"1657713540\">\n\t\t\t<div class=\"elementor-countdown-item\"><span class=\"elementor-countdown-digits elementor-countdown-days\"><\/span> <span class=\"elementor-countdown-label\">D\u00edas<\/span><\/div><div class=\"elementor-countdown-item\"><span class=\"elementor-countdown-digits elementor-countdown-hours\"><\/span> <span class=\"elementor-countdown-label\">Horas<\/span><\/div><div class=\"elementor-countdown-item\"><span class=\"elementor-countdown-digits elementor-countdown-minutes\"><\/span> <span class=\"elementor-countdown-label\">Minutos<\/span><\/div>\t\t<\/div>\n\t\t\t\t\t\t<\/div>\n\t\t\t\t<\/div>\n\t\t\t\t\t<\/div>\n\t\t<\/div>\n\t\t\t\t\t<\/div>\n\t\t<\/section>\n\t\t\t\t<\/div>\n\t\t","protected":false},"excerpt":{"rendered":"<p>ENVIO DE TRABALHO COMPLETO Bem-vindo ao processo de submiss\u00e3o de trabalhos completos da Confer\u00eancia SIGraDI 2022. Revise por alguns minutos as seguintes informa\u00e7\u00f5es que contextualizam o uso do template (Baixe o arquivo DOCX), envie seu trabalho (carregue seu arquivo PDF), atualize novas informa\u00e7\u00f5es (OpenConf) e os crit\u00e9rios para avaliar seu trabalho. BAIXE o template do [&hellip;]<\/p>\n","protected":false},"author":1,"featured_media":0,"parent":0,"menu_order":0,"comment_status":"closed","ping_status":"closed","template":"","meta":{"site-sidebar-layout":"no-sidebar","site-content-layout":"page-builder","ast-site-content-layout":"default","site-content-style":"default","site-sidebar-style":"default","ast-global-header-display":"","ast-banner-title-visibility":"","ast-main-header-display":"","ast-hfb-above-header-display":"","ast-hfb-below-header-display":"","ast-hfb-mobile-header-display":"","site-post-title":"disabled","ast-breadcrumbs-content":"","ast-featured-img":"disabled","footer-sml-layout":"","ast-disable-related-posts":"","theme-transparent-header-meta":"","adv-header-id-meta":"","stick-header-meta":"","header-above-stick-meta":"","header-main-stick-meta":"","header-below-stick-meta":"","astra-migrate-meta-layouts":"default","ast-page-background-enabled":"default","ast-page-background-meta":{"desktop":{"background-color":"","background-image":"","background-repeat":"repeat","background-position":"center center","background-size":"auto","background-attachment":"scroll","background-type":"","background-media":"","overlay-type":"","overlay-color":"","overlay-opacity":"","overlay-gradient":""},"tablet":{"background-color":"","background-image":"","background-repeat":"repeat","background-position":"center center","background-size":"auto","background-attachment":"scroll","background-type":"","background-media":"","overlay-type":"","overlay-color":"","overlay-opacity":"","overlay-gradient":""},"mobile":{"background-color":"","background-image":"","background-repeat":"repeat","background-position":"center center","background-size":"auto","background-attachment":"scroll","background-type":"","background-media":"","overlay-type":"","overlay-color":"","overlay-opacity":"","overlay-gradient":""}},"ast-content-background-meta":{"desktop":{"background-color":"var(--ast-global-color-5)","background-image":"","background-repeat":"repeat","background-position":"center center","background-size":"auto","background-attachment":"scroll","background-type":"","background-media":"","overlay-type":"","overlay-color":"","overlay-opacity":"","overlay-gradient":""},"tablet":{"background-color":"var(--ast-global-color-5)","background-image":"","background-repeat":"repeat","background-position":"center center","background-size":"auto","background-attachment":"scroll","background-type":"","background-media":"","overlay-type":"","overlay-color":"","overlay-opacity":"","overlay-gradient":""},"mobile":{"background-color":"var(--ast-global-color-5)","background-image":"","background-repeat":"repeat","background-position":"center center","background-size":"auto","background-attachment":"scroll","background-type":"","background-media":"","overlay-type":"","overlay-color":"","overlay-opacity":"","overlay-gradient":""}},"footnotes":""},"class_list":["post-1673","page","type-page","status-publish","hentry"],"_links":{"self":[{"href":"https:\/\/www.sigradi.org\/sigradi2022\/wp-json\/wp\/v2\/pages\/1673","targetHints":{"allow":["GET"]}}],"collection":[{"href":"https:\/\/www.sigradi.org\/sigradi2022\/wp-json\/wp\/v2\/pages"}],"about":[{"href":"https:\/\/www.sigradi.org\/sigradi2022\/wp-json\/wp\/v2\/types\/page"}],"author":[{"embeddable":true,"href":"https:\/\/www.sigradi.org\/sigradi2022\/wp-json\/wp\/v2\/users\/1"}],"replies":[{"embeddable":true,"href":"https:\/\/www.sigradi.org\/sigradi2022\/wp-json\/wp\/v2\/comments?post=1673"}],"version-history":[{"count":67,"href":"https:\/\/www.sigradi.org\/sigradi2022\/wp-json\/wp\/v2\/pages\/1673\/revisions"}],"predecessor-version":[{"id":4113,"href":"https:\/\/www.sigradi.org\/sigradi2022\/wp-json\/wp\/v2\/pages\/1673\/revisions\/4113"}],"wp:attachment":[{"href":"https:\/\/www.sigradi.org\/sigradi2022\/wp-json\/wp\/v2\/media?parent=1673"}],"curies":[{"name":"wp","href":"https:\/\/api.w.org\/{rel}","templated":true}]}}